List the prime factors of g.
2, 7, 11
Let w(k) = k + 8. Let x be w(-6). Suppose 5*d - 2*a - 21 = 0, 2*d - 8 = -a + 4. Suppose x*c + 2 = 4*z, 34 = 2*c - 0*c + d*z. What are the prime factors of c?
7
Let d = -1202 - -1803. What are the prime factors of d?
601
List the prime factors of 1345/6 + -1 + (-540)/3240.
223
Let g = 62 + 1330. Suppose 9*v - g + 285 = 0. What are the prime factors of v?
3, 41
Let l(w) = w. Let n(h) = 35*h + 1. Let m(k) = 4*l(k) - 2*n(k). List the prime factors of m(-2).
2, 5, 13
Suppose 2*y + 24 = 3*m - 6*m, m + 2*y = -4. What are the prime factors of (-1 + (-35)/m)*292/10?
73
Suppose -2*y = -o + 14, 40 = 2*o + 2*o - 4*y. List the prime factors of 7/((-63)/(-258))*o.
2, 43
Let k(p) = 1112*p - 34. What are the prime factors of k(1)?
2, 7, 11
Let w(m) = 3*m**2 + 15*m + 40. What are the prime factors of w(-18)?
2, 7, 53
Let o(f) = -21*f - 9. Let r be o(5). Let i = 49 + r. Let d = -41 - i. What are the prime factors of d?
2, 3
Suppose -2*y + 216 = 4*g, 0*y = 2*y - 4. Let f be 0 + (-22 - -2)/(-5). Let w = g - f. What are the prime factors of w?
7
Let u(s) = -s + 2. Let w be u(1). Suppose 0 = t - 0*t - 3*p - 11, 0 = -t - 3*p - w. Suppose 9 - 3 = -q - 3*o, 0 = t*q - 4*o - 65. List the prime factors of q.
3
What are the prime factors of 3046/8 + 4/16?
3, 127
Suppose 895 = -19*x + 24*x. List the prime factors of x.
179
Let s(l) = 35*l - 96. List the prime factors of s(4).
2, 11
Suppose 5*j - 8 = 2. Suppose j*q = q + t + 1, 2*q = -2*t + 18. Suppose -3*d = 5*m - 177, m + 258 = q*d - 3*m. What are the prime factors of d?
2, 3
Let y = -132 + 145. Let b(g) = g**3 - 9*g**2 - 26*g - 3. List the prime factors of b(y).
5, 67
Let s be -8 + -1*(1 + -5). Let j be (-2)/4 - 106/s. Suppose -4*p - 31 = -m, 0 = -2*m - p + j + 18. What are the prime factors of m?
23
Let g(y) = -21*y + 86. List the prime factors of g(-7).
233
Suppose 0 = 3*j - j. Suppose j = -6*r + r + 25. Suppose 164 = r*n - n. What are the prime factors of n?
41
Let p(b) = 2 + 4 + 2*b - 6. Let v be p(2). Suppose -v*d + 9*d - 30 = 0. List the prime factors of d.
2, 3
Let o be (12/5)/(3/(-10)). Let z be ((-2)/(-3))/(8/324). Let u = z + o. What are the prime factors of u?
19
Suppose -2*g = 4*d - 230, 3*d - g = d + 109. Let c = 2 + d. List the prime factors of c.
2, 29
Let q = 584 - -465. List the prime factors of q.
1049
Let m(k) = -k**2 - 8*k - 10. Let t be m(-7). Let f be t/(((-63)/(-30))/7). What are the prime factors of (24/15)/(f/(-25))?
2
Let w = 18 - 25. Let f be (-6 - w)*(15 + 0). List the prime factors of ((-6)/f)/(2/(-50)).
2, 5
Let h(n) = n**3 + 7*n**2 - 13*n - 11. Let m be h(-8). Let g = m - 50. Let c = 37 + g. What are the prime factors of c?
2
Let r be -3 + -1 + 24 + -4. Let p = r - 33. Let j = 22 + p. What are the prime factors of j?
5
Suppose -2*g + 6 = 0, -4*g = -2*z - 2*z + 4. Let m be (1 + -3)/((13/(-42))/13). Suppose m - 20 = z*n. List the prime factors of n.
2
What are the prime factors of -12 + (-77)/(-11) + 3739?
2, 1867
Let o(q) = -q**3 - 42*q**2 - 59*q - 26. List the prime factors of o(-41).
2, 89
Suppose -3*r + 5378 = -2*c, 16*c = -2*r + 11*c + 3598. What are the prime factors of r?
2, 3, 13, 23
Suppose m = -5*b - 4 - 1, 2*m + 2 = -2*b. Suppose 5*w = -2*l + 12, 4*w - 13 = -m*w - 5*l. Suppose -3*q = -w*q - 13. List the prime factors of q.
13
Let w(x) = x + 11. Let h be w(13). Suppose 0 = -q - 27 + 76. Let c = h + q. What are the prime factors of c?
73
Let o = -63 - -33. Let z be 9/((-135)/(-10))*o. List the prime factors of (-865)/z - (-1)/(-4).
43
List the prime factors of -4*(-3)/42 - (-24504)/84.
2, 73
Let p = -79 - -82. Suppose -p*m + 1053 = -0*m. What are the prime factors of m?
3, 13
Let w(d) = 452*d - 5. Let s be w(2). Suppose 904 = 5*r - 2*u - 2*u, -u + s = 5*r. List the prime factors of r.
2, 3, 5
Suppose -39 = 3*y + 6. What are the prime factors of (147/5)/((-3)/y)?
3, 7
Let a be (8/20)/(2/10). Let t(r) = -7*r - 6 + a - 1. What are the prime factors of t(-5)?
2, 3, 5
Suppose -8*t = 11*t - 5*t. Suppose 5*l - 529 - 391 = t. What are the prime factors of l?
2, 23
Let r be (-20)/6*(1 - (-50)/(-20)). Suppose 75 = 5*k + 4*t, -6*t - 45 = -3*k - 3*t. List the prime factors of (-27)/k*r/(-1).
3
Let q = -2043 + 4382. List the prime factors of q.
2339
Suppose 3*j = 4*r + 264, 5 = j + 3*r - 70. Suppose -3*m + 78 + j = 0. List the prime factors of m.
2, 3
List the prime factors of 2/(3 - (-3515)/(-1175)).
5, 47
Let z be 208/91 - (-2)/(-7). Suppose 0*d - d = z*w - 58, -5*d - 2*w + 298 = 0. What are the prime factors of d?
2, 3, 5
Let n(u) = u**3 - 15*u**2 + 14*u + 10. Let l be n(14). Let j = l - -16. What are the prime factors of j?
2, 13
Let w(t) = 4*t**2 + 40*t + 193. Let y(f) = -3*f**2 - 27*f - 129. Let b(l) = -5*w(l) - 7*y(l). What are the prime factors of b(25)?
2, 3
Let b(n) = 68*n + 1. Let f be -1*(1 + -1) - -1. Let u be b(f). Let w = u - 41. What are the prime factors of w?
2, 7
Let y(o) = o**3 - 13*o**2 + 9*o + 6. Let r be y(12). Let x = r + 30. Suppose -3*q - 3*g + 0*g = -150, x = 3*q + g - 140. What are the prime factors of q?
3, 5
List the prime factors of (-2943)/(-324) - (-4)/(-48).
3
Let x(b) = 87*b - 27. What are the prime factors of x(10)?
3, 281
Let m = 14 + -26. Let r = 12 + m. Suppose 2*d - 29 + 11 = r. What are the prime factors of d?
3
Let c = -22 + 37. Let p(h) = -3*h**2 - 2*h + 6. Let y be p(2). List the prime factors of (30/(-9))/(y/c).
5
Suppose -8780 = -13*r + 1191. What are the prime factors of r?
13, 59
Let p = 211 - 196. List the prime factors of p.
3, 5
Let p(x) = x**2 - 6*x - 3. Let z be p(7). Suppose i + 58 = v, v - z*v + i + 184 = 0. List the prime factors of v.
3, 7
Suppose 0*b - 4*b - 18 = 2*x, 24 = 4*x - 4*b. List the prime factors of (122 + x)*(8 - 7).
3, 41
Let x(p) = p**3 + 22*p**2 + 17*p - 52. Suppose 3*k = -6, 0*k = 5*h - 3*k + 99. What are the prime factors of x(h)?
2
Let q(h) be the second derivative of h**3/6 - 5*h**2 + h. Let d be q(7). List the prime factors of (26/(-6) - 3)*d.
2, 11
Suppose 0 = 95*y - 93*y + 2*l - 2558, 5*y + l - 6383 = 0. List the prime factors of y.
2, 11, 29
Let s(g) = g**2 + 17*g + 30. Let f be s(-15). Suppose 3*j = -4*m - 6 + 440, -2*j - 5*m + 287 = f. What are the prime factors of j?
2, 73
Let d be -7 - -6 - (-2 - 1). Suppose -2*p + z + 18 = 0, d*p + 1 = p - 2*z. List the prime factors of p.
7
Suppose 6 + 30 = -5*s - j, 0 = 3*s + j + 20. Let x be 4/(s/(-116) + 0). What are the prime factors of 3*(-5)/((-15)/x)?
2, 29
Let i(w) = 3*w**2 - 7*w - 12. Suppose -46 + 16 = -5*u. List the prime factors of i(u).
2, 3
Suppose 22*v - 10208 = 6*v. What are the prime factors of v?
2, 11, 29
Let l(r) = -24 + 66 - 2*r - 31. List the prime factors of l(-11).
3, 11
Let p(c) = -c + 10. Let s be p(9). Suppose 2*t = s + 7. Suppose -6*g + 3*g + 5*f + 92 = 0, -2*f = -t*g + 146. What are the prime factors of g?
3, 13
Let w(x) = 159*x**2 - 5*x - 33. What are the prime factors of w(-4)?
2531
Let f be (-1)/(-6)*-3*0. List the prime factors of 165/(-20)*(-4 + f).
3, 11
Let f = -178 + 583. Suppose 12*u - f = 7*u. List the prime factors of u.
3
Let l(j) = j + 21. Let c be (-1)/(-7)*1 + (-124)/(-14). List the prime factors of l(c).
2, 3, 5
Let n = -13 + 21. List the prime factors of (-24*(1 + -3))/(4/n).
2, 3
Suppose -7*j = -9*j - 420. Let r = j + 392. What are the prime factors of r?
2, 7, 13
Let j be -2 + (-3 + 4)/((-3)/(-21)). Suppose 5*z - 240 = -4*v, -j*v + 4*z + 146 = -3*v. List the prime factors of v.
5, 13
Let p(i) = -2*i**2 - 20*i + 24. Let s be p(-11). Let f(h) = 73*h - 2. List the prime factors of f(s).
2, 3
Suppose 477 + 11 = 8*s. Let f = s - -210. What are the prime factors of f?
271
Let o be (-116)/(-6 - -4) + 0. Suppose 4*v + 6 = o. Let w = 48 - v. List the prime factors of w.
5, 7
Suppose -4*d - l - 4*l = -3, -2*d = 2*l. List the prime factors of (-242)/(-6) + 1/d.
2, 5
Suppose 12*l - 50 = 7*l. List the prime factors of -4*27/(-180) - (-2644)/l.
5, 53
Suppose 0*h - 5*h + 25 = 0. Suppose h*d - 3*y - 584 = 0, -2*y + 3*y = -4*d + 457. Let q = 168 - d. List the prime factors of q.
53
Let r(z) = 50*z + 292. What are the prime factors of r(21)?
2, 11, 61
Suppose 5*w = -0*w + 105. Suppose -4*j + 65 = 2*n + w, -3*n = -4*j - 46. List the prime factors of 2/(-9) - (-832)/n.
2, 23
Let g(l) = -l**2 - 2*l + 6. Let d(